{"id":424,"date":"2024-05-19T10:25:02","date_gmt":"2024-05-19T08:25:02","guid":{"rendered":"https:\/\/zsjosefov.cz\/?page_id=424"},"modified":"2026-02-24T12:28:56","modified_gmt":"2026-02-24T11:28:56","slug":"organizace-skolniho-roku","status":"publish","type":"page","link":"https:\/\/zsjosefov.cz\/?page_id=424","title":{"rendered":"Organizace \u0161koln\u00edho roku"},"content":{"rendered":"\t\t<div data-elementor-type=\"wp-page\" data-elementor-id=\"424\" class=\"elementor elementor-424\">\n\t\t\t\t<div class=\"elementor-element elementor-element-82b516c e-flex e-con-boxed e-con e-parent\" data-id=\"82b516c\" data-element_type=\"container\">\n\t\t\t\t\t<div class=\"e-con-inner\">\n\t\t\t\t<div class=\"elementor-element elementor-element-2eb371b elementor-widget elementor-widget-text-editor\" data-id=\"2eb371b\" data-element_type=\"widget\" data-widget_type=\"text-editor.default\">\n\t\t\t\t<div class=\"elementor-widget-container\">\n\t\t\t\t\t\t\t\t\t<p><strong>Pr\u00e1zdniny ve \u0161koln\u00edm roce 2025\/2026<\/strong><\/p>\t\t\t\t\t\t\t\t<\/div>\n\t\t\t\t<\/div>\n\t\t\t\t\t<\/div>\n\t\t\t\t<\/div>\n\t\t<div class=\"elementor-element elementor-element-e094c34 e-flex e-con-boxed e-con e-parent\" data-id=\"e094c34\" data-element_type=\"container\">\n\t\t\t\t\t<div class=\"e-con-inner\">\n\t\t\t\t<div class=\"elementor-element elementor-element-60115dd elementor-widget elementor-widget-text-editor\" data-id=\"60115dd\" data-element_type=\"widget\" data-widget_type=\"text-editor.default\">\n\t\t\t\t<div class=\"elementor-widget-container\">\n\t\t\t\t\t\t\t\t\t<ul><li><p>PR\u00c1ZDNINY<\/p><ul><li><strong>Podzimn\u00ed pr\u00e1zdniny:<\/strong><br \/>pond\u011bl\u00ed 27. 10. \u2013 st\u0159eda 29. 10. 2025<\/li><li><strong>St\u00e1tn\u00ed sv\u00e1tek<\/strong><\/li><\/ul><p>pond\u011bl\u00ed 17. 11. 2025<\/p><ul><li><strong>V\u00e1no\u010dn\u00ed pr\u00e1zdniny: <\/strong><\/li><\/ul><p>\u00a0\u00a0\u00a0\u00a0\u00a0 pond\u011bl\u00ed 22. 12. 2025 &#8211; p\u00e1tek 2. 1. 2026<\/p><ul><li><strong>Vysv\u011bd\u010den\u00ed za 1. pololet\u00ed: <\/strong><\/li><\/ul><p>\u010dtvrtek 29. 1. 2026<\/p><ul><li><strong>Pololetn\u00ed pr\u00e1zdniny:<\/strong><\/li><\/ul><p>\u00a0\u00a0\u00a0\u00a0\u00a0 p\u00e1tek 30. 1. 2026<\/p><ul><li><strong>Jarn\u00ed pr\u00e1zdniny:<\/strong><\/li><\/ul><p>\u00a0\u00a0\u00a0\u00a0\u00a0 pond\u011bl\u00ed 9. 3. &#8211; ned\u011ble 15. 3. 2026<\/p><ul><li><strong>Velikono\u010dn\u00ed volno:<\/strong><\/li><\/ul><p>\u00a0\u00a0\u00a0\u00a0\u00a0 \u010dtvrtek 2. 4. &#8211; pond\u011bl\u00ed 6. 4. 2026<\/p><ul><li><strong>St\u00e1tn\u00ed sv\u00e1tky:<\/strong><\/li><\/ul><p>p\u00e1tek 1. 5. 2026<\/p><p>p\u00e1tek 8. 5. 2026<\/p><ul><li><strong>Ukon\u010den\u00ed 2. pololet\u00ed:<\/strong><\/li><\/ul><p>\u00fater\u00fd 30. 6. 2026<\/p><\/li><\/ul>\t\t\t\t\t\t\t\t<\/div>\n\t\t\t\t<\/div>\n\t\t\t\t\t<\/div>\n\t\t\t\t<\/div>\n\t\t\t\t<\/div>\n\t\t","protected":false},"excerpt":{"rendered":"<p>Pr\u00e1zdniny ve \u0161koln\u00edm roce 2025\/2026 PR\u00c1ZDNINY Podzimn\u00ed pr\u00e1zdniny:pond\u011bl\u00ed 27. 10. \u2013 st\u0159eda 29. 10. 2025 St\u00e1tn\u00ed sv\u00e1tek pond\u011bl\u00ed 17. 11. 2025 V\u00e1no\u010dn\u00ed pr\u00e1zdniny: \u00a0\u00a0\u00a0\u00a0\u00a0 pond\u011bl\u00ed 22. 12. 2025 &#8211; p\u00e1tek 2. 1. 2026 Vysv\u011bd\u010den\u00ed za 1. pololet\u00ed: \u010dtvrtek 29. 1. 2026 Pololetn\u00ed pr\u00e1zdniny: \u00a0\u00a0\u00a0\u00a0\u00a0 p\u00e1tek 30. 1. 2026 Jarn\u00ed pr\u00e1zdniny: \u00a0\u00a0\u00a0\u00a0\u00a0 pond\u011bl\u00ed 9. 3. &#8211; [&hellip;]<\/p>\n","protected":false},"author":1,"featured_media":0,"parent":0,"menu_order":0,"comment_status":"closed","ping_status":"closed","template":"","meta":{"footnotes":""},"class_list":["post-424","page","type-page","status-publish","hentry"],"yoast_head":"<!-- This site is optimized with the Yoast SEO plugin v24.3 - https:\/\/yoast.com\/wordpress\/plugins\/seo\/ -->\n<title>Organizace \u0161koln\u00edho roku - Z\u00e1kladn\u00ed \u0161kola Jarom\u011b\u0159 - Josefov<\/title>\n<meta name=\"robots\" content=\"index, follow, max-snippet:-1, max-image-preview:large, max-video-preview:-1\" \/>\n<link rel=\"canonical\" href=\"https:\/\/zsjosefov.cz\/?page_id=424\" \/>\n<meta property=\"og:locale\" content=\"cs_CZ\" \/>\n<meta property=\"og:type\" content=\"article\" \/>\n<meta property=\"og:title\" content=\"Organizace \u0161koln\u00edho roku - Z\u00e1kladn\u00ed \u0161kola Jarom\u011b\u0159 - Josefov\" \/>\n<meta property=\"og:description\" content=\"Pr\u00e1zdniny ve \u0161koln\u00edm roce 2025\/2026 PR\u00c1ZDNINY Podzimn\u00ed pr\u00e1zdniny:pond\u011bl\u00ed 27. 10. \u2013 st\u0159eda 29. 10. 2025 St\u00e1tn\u00ed sv\u00e1tek pond\u011bl\u00ed 17. 11. 2025 V\u00e1no\u010dn\u00ed pr\u00e1zdniny: \u00a0\u00a0\u00a0\u00a0\u00a0 pond\u011bl\u00ed 22. 12. 2025 &#8211; p\u00e1tek 2. 1. 2026 Vysv\u011bd\u010den\u00ed za 1. pololet\u00ed: \u010dtvrtek 29. 1. 2026 Pololetn\u00ed pr\u00e1zdniny: \u00a0\u00a0\u00a0\u00a0\u00a0 p\u00e1tek 30. 1. 2026 Jarn\u00ed pr\u00e1zdniny: \u00a0\u00a0\u00a0\u00a0\u00a0 pond\u011bl\u00ed 9. 3. &#8211; [&hellip;]\" \/>\n<meta property=\"og:url\" content=\"https:\/\/zsjosefov.cz\/?page_id=424\" \/>\n<meta property=\"og:site_name\" content=\"Z\u00e1kladn\u00ed \u0161kola Jarom\u011b\u0159 - Josefov\" \/>\n<meta property=\"article:modified_time\" content=\"2026-02-24T11:28:56+00:00\" \/>\n<meta name=\"twitter:card\" content=\"summary_large_image\" \/>\n<meta name=\"twitter:label1\" content=\"Odhadovan\u00e1 doba \u010dten\u00ed\" \/>\n\t<meta name=\"twitter:data1\" content=\"1 minuta\" \/>\n<script type=\"application\/ld+json\" class=\"yoast-schema-graph\">{\"@context\":\"https:\/\/schema.org\",\"@graph\":[{\"@type\":\"WebPage\",\"@id\":\"https:\/\/zsjosefov.cz\/?page_id=424\",\"url\":\"https:\/\/zsjosefov.cz\/?page_id=424\",\"name\":\"Organizace \u0161koln\u00edho roku - Z\u00e1kladn\u00ed \u0161kola Jarom\u011b\u0159 - Josefov\",\"isPartOf\":{\"@id\":\"https:\/\/dev.zsjosefov.cz\/#website\"},\"datePublished\":\"2024-05-19T08:25:02+00:00\",\"dateModified\":\"2026-02-24T11:28:56+00:00\",\"breadcrumb\":{\"@id\":\"https:\/\/zsjosefov.cz\/?page_id=424#breadcrumb\"},\"inLanguage\":\"cs\",\"potentialAction\":[{\"@type\":\"ReadAction\",\"target\":[\"https:\/\/zsjosefov.cz\/?page_id=424\"]}]},{\"@type\":\"BreadcrumbList\",\"@id\":\"https:\/\/zsjosefov.cz\/?page_id=424#breadcrumb\",\"itemListElement\":[{\"@type\":\"ListItem\",\"position\":1,\"name\":\"Dom\u016f\",\"item\":\"https:\/\/zsjosefov.cz\/\"},{\"@type\":\"ListItem\",\"position\":2,\"name\":\"Organizace \u0161koln\u00edho roku\"}]},{\"@type\":\"WebSite\",\"@id\":\"https:\/\/dev.zsjosefov.cz\/#website\",\"url\":\"https:\/\/dev.zsjosefov.cz\/\",\"name\":\"Z\u00e1kladn\u00ed \u0161kola Jarom\u011b\u0159 - Josefov\",\"description\":\"\",\"potentialAction\":[{\"@type\":\"SearchAction\",\"target\":{\"@type\":\"EntryPoint\",\"urlTemplate\":\"https:\/\/dev.zsjosefov.cz\/?s={search_term_string}\"},\"query-input\":{\"@type\":\"PropertyValueSpecification\",\"valueRequired\":true,\"valueName\":\"search_term_string\"}}],\"inLanguage\":\"cs\"}]}<\/script>\n<!-- \/ Yoast SEO plugin. -->","yoast_head_json":{"title":"Organizace \u0161koln\u00edho roku - Z\u00e1kladn\u00ed \u0161kola Jarom\u011b\u0159 - Josefov","robots":{"index":"index","follow":"follow","max-snippet":"max-snippet:-1","max-image-preview":"max-image-preview:large","max-video-preview":"max-video-preview:-1"},"canonical":"https:\/\/zsjosefov.cz\/?page_id=424","og_locale":"cs_CZ","og_type":"article","og_title":"Organizace \u0161koln\u00edho roku - Z\u00e1kladn\u00ed \u0161kola Jarom\u011b\u0159 - Josefov","og_description":"Pr\u00e1zdniny ve \u0161koln\u00edm roce 2025\/2026 PR\u00c1ZDNINY Podzimn\u00ed pr\u00e1zdniny:pond\u011bl\u00ed 27. 10. \u2013 st\u0159eda 29. 10. 2025 St\u00e1tn\u00ed sv\u00e1tek pond\u011bl\u00ed 17. 11. 2025 V\u00e1no\u010dn\u00ed pr\u00e1zdniny: \u00a0\u00a0\u00a0\u00a0\u00a0 pond\u011bl\u00ed 22. 12. 2025 &#8211; p\u00e1tek 2. 1. 2026 Vysv\u011bd\u010den\u00ed za 1. pololet\u00ed: \u010dtvrtek 29. 1. 2026 Pololetn\u00ed pr\u00e1zdniny: \u00a0\u00a0\u00a0\u00a0\u00a0 p\u00e1tek 30. 1. 2026 Jarn\u00ed pr\u00e1zdniny: \u00a0\u00a0\u00a0\u00a0\u00a0 pond\u011bl\u00ed 9. 3. &#8211; [&hellip;]","og_url":"https:\/\/zsjosefov.cz\/?page_id=424","og_site_name":"Z\u00e1kladn\u00ed \u0161kola Jarom\u011b\u0159 - Josefov","article_modified_time":"2026-02-24T11:28:56+00:00","twitter_card":"summary_large_image","twitter_misc":{"Odhadovan\u00e1 doba \u010dten\u00ed":"1 minuta"},"schema":{"@context":"https:\/\/schema.org","@graph":[{"@type":"WebPage","@id":"https:\/\/zsjosefov.cz\/?page_id=424","url":"https:\/\/zsjosefov.cz\/?page_id=424","name":"Organizace \u0161koln\u00edho roku - Z\u00e1kladn\u00ed \u0161kola Jarom\u011b\u0159 - Josefov","isPartOf":{"@id":"https:\/\/dev.zsjosefov.cz\/#website"},"datePublished":"2024-05-19T08:25:02+00:00","dateModified":"2026-02-24T11:28:56+00:00","breadcrumb":{"@id":"https:\/\/zsjosefov.cz\/?page_id=424#breadcrumb"},"inLanguage":"cs","potentialAction":[{"@type":"ReadAction","target":["https:\/\/zsjosefov.cz\/?page_id=424"]}]},{"@type":"BreadcrumbList","@id":"https:\/\/zsjosefov.cz\/?page_id=424#breadcrumb","itemListElement":[{"@type":"ListItem","position":1,"name":"Dom\u016f","item":"https:\/\/zsjosefov.cz\/"},{"@type":"ListItem","position":2,"name":"Organizace \u0161koln\u00edho roku"}]},{"@type":"WebSite","@id":"https:\/\/dev.zsjosefov.cz\/#website","url":"https:\/\/dev.zsjosefov.cz\/","name":"Z\u00e1kladn\u00ed \u0161kola Jarom\u011b\u0159 - Josefov","description":"","potentialAction":[{"@type":"SearchAction","target":{"@type":"EntryPoint","urlTemplate":"https:\/\/dev.zsjosefov.cz\/?s={search_term_string}"},"query-input":{"@type":"PropertyValueSpecification","valueRequired":true,"valueName":"search_term_string"}}],"inLanguage":"cs"}]}},"_links":{"self":[{"href":"https:\/\/zsjosefov.cz\/index.php?rest_route=\/wp\/v2\/pages\/424","targetHints":{"allow":["GET"]}}],"collection":[{"href":"https:\/\/zsjosefov.cz\/index.php?rest_route=\/wp\/v2\/pages"}],"about":[{"href":"https:\/\/zsjosefov.cz\/index.php?rest_route=\/wp\/v2\/types\/page"}],"author":[{"embeddable":true,"href":"https:\/\/zsjosefov.cz\/index.php?rest_route=\/wp\/v2\/users\/1"}],"replies":[{"embeddable":true,"href":"https:\/\/zsjosefov.cz\/index.php?rest_route=%2Fwp%2Fv2%2Fcomments&post=424"}],"version-history":[{"count":19,"href":"https:\/\/zsjosefov.cz\/index.php?rest_route=\/wp\/v2\/pages\/424\/revisions"}],"predecessor-version":[{"id":1886,"href":"https:\/\/zsjosefov.cz\/index.php?rest_route=\/wp\/v2\/pages\/424\/revisions\/1886"}],"wp:attachment":[{"href":"https:\/\/zsjosefov.cz\/index.php?rest_route=%2Fwp%2Fv2%2Fmedia&parent=424"}],"curies":[{"name":"wp","href":"https:\/\/api.w.org\/{rel}","templated":true}]}}